{"id":1505,"date":"2019-06-02T17:08:44","date_gmt":"2019-06-02T17:08:44","guid":{"rendered":"http:\/\/youinberlin.de\/?page_id=1505"},"modified":"2019-09-03T00:18:17","modified_gmt":"2019-09-02T22:18:17","slug":"sobre-mi","status":"publish","type":"page","link":"https:\/\/youinberlin.de\/?page_id=1505&lang=es","title":{"rendered":"Sobre mi"},"content":{"rendered":"<p><a href=\"https:\/\/youinberlin.de\/?page_id=1163\"><img loading=\"lazy\" decoding=\"async\" class=\"alignright wp-image-911\" src=\"http:\/\/youinberlin.de\/wp-content\/uploads\/YIB_Sprache-Italien.png\" alt=\"\" width=\"25\" height=\"21\" \/><\/a><a href=\"https:\/\/youinberlin.de\/?page_id=1434\"><img loading=\"lazy\" decoding=\"async\" class=\"alignright wp-image-910\" src=\"http:\/\/youinberlin.de\/wp-content\/uploads\/YIB_Sprache-England.png\" alt=\"\" width=\"25\" height=\"21\" \/><\/a><a href=\"https:\/\/youinberlin.de\/?page_id=1161\"><img loading=\"lazy\" decoding=\"async\" class=\"alignright wp-image-910\" src=\"http:\/\/youinberlin.de\/wp-content\/uploads\/YIB_Sprache-Deutschland.png\" alt=\"\" width=\"25\" height=\"21\" \/><\/a><\/p>\n<hr \/>\n<p><img loading=\"lazy\" decoding=\"async\" class=\" alignleft\" src=\"http:\/\/youinberlin.de\/wp-content\/uploads\/Carlo-Profil-quadratisch_Retusche-300x300.jpg\" alt=\"\" width=\"400\" height=\"400\" \/><\/p>\n<h4 style=\"text-align: left;\">Acomp\u00e1\u00f1en a un Berlin\u00e9s nativo&#8230;<br \/>\nEn un paseo entretenido e informativo por la ciudad.<\/h4>\n<p>Hola, mi nombre es Carlo Cimmino.<\/p>\n<p>Desde 2010 soy gu\u00eda tur\u00edstico y les ense\u00f1o a los visitantes mi ciudad,<br \/>\nya que desde siempre me ha sido un gran placer contar la (s) historia (s) de Berl\u00edn.<\/p>\n<p>He trabajado 22 a\u00f1os el la Gastronom\u00eda Berlinesa, y tambi\u00e9n conozco muy bien esta<br \/> cara de la ciudad.<\/p>\n<p>Estar\u00e9 encantado en acompa\u00f1arles para que descubran su propio Berl\u00edn.<\/p>\n<p>\u00a1Pasemos un buen rato juntos!<\/p>\n<p>&nbsp;<\/p>\n","protected":false},"excerpt":{"rendered":"<p>Acomp\u00e1\u00f1en a un Berlin\u00e9s nativo&#8230; En un paseo entretenido e informativo por la ciudad. Hola, mi nombre es Carlo Cimmino. Desde 2010 soy gu\u00eda tur\u00edstico y les ense\u00f1o a los visitantes mi ciudad, ya que desde siempre me ha sido un gran placer contar la (s) historia (s) de Berl\u00edn. He trabajado 22 a\u00f1os el [&hellip;]<\/p>\n","protected":false},"author":2,"featured_media":0,"parent":0,"menu_order":0,"comment_status":"closed","ping_status":"closed","template":"","meta":{"_themeisle_gutenberg_block_has_review":false,"footnotes":""},"class_list":["post-1505","page","type-page","status-publish","hentry"],"yoast_head":"<!-- This site is optimized with the Yoast SEO plugin v26.7 - https:\/\/yoast.com\/wordpress\/plugins\/seo\/ -->\n<title>Sobre mi - You In Berlin<\/title>\n<meta name=\"robots\" content=\"index, follow, max-snippet:-1, max-image-preview:large, max-video-preview:-1\" \/>\n<link rel=\"canonical\" href=\"https:\/\/youinberlin.de\/?page_id=1505&lang=es\" \/>\n<meta property=\"og:locale\" content=\"de_DE\" \/>\n<meta property=\"og:type\" content=\"article\" \/>\n<meta property=\"og:title\" content=\"Sobre mi - You In Berlin\" \/>\n<meta property=\"og:description\" content=\"Acomp\u00e1\u00f1en a un Berlin\u00e9s nativo&#8230; En un paseo entretenido e informativo por la ciudad. Hola, mi nombre es Carlo Cimmino. Desde 2010 soy gu\u00eda tur\u00edstico y les ense\u00f1o a los visitantes mi ciudad, ya que desde siempre me ha sido un gran placer contar la (s) historia (s) de Berl\u00edn. He trabajado 22 a\u00f1os el [&hellip;]\" \/>\n<meta property=\"og:url\" content=\"https:\/\/youinberlin.de\/?page_id=1505&amp;lang=es\" \/>\n<meta property=\"og:site_name\" content=\"You In Berlin\" \/>\n<meta property=\"article:modified_time\" content=\"2019-09-02T22:18:17+00:00\" \/>\n<meta property=\"og:image\" content=\"http:\/\/youinberlin.de\/wp-content\/uploads\/YIB_Sprache-Italien.png\" \/>\n<meta name=\"twitter:card\" content=\"summary_large_image\" \/>\n<script type=\"application\/ld+json\" class=\"yoast-schema-graph\">{\"@context\":\"https:\/\/schema.org\",\"@graph\":[{\"@type\":\"WebPage\",\"@id\":\"https:\/\/youinberlin.de\/?page_id=1505&lang=es\",\"url\":\"https:\/\/youinberlin.de\/?page_id=1505&lang=es\",\"name\":\"Sobre mi - You In Berlin\",\"isPartOf\":{\"@id\":\"https:\/\/youinberlin.de\/#website\"},\"primaryImageOfPage\":{\"@id\":\"https:\/\/youinberlin.de\/?page_id=1505&lang=es#primaryimage\"},\"image\":{\"@id\":\"https:\/\/youinberlin.de\/?page_id=1505&lang=es#primaryimage\"},\"thumbnailUrl\":\"http:\/\/youinberlin.de\/wp-content\/uploads\/YIB_Sprache-Italien.png\",\"datePublished\":\"2019-06-02T17:08:44+00:00\",\"dateModified\":\"2019-09-02T22:18:17+00:00\",\"breadcrumb\":{\"@id\":\"https:\/\/youinberlin.de\/?page_id=1505&lang=es#breadcrumb\"},\"inLanguage\":\"de\",\"potentialAction\":[{\"@type\":\"ReadAction\",\"target\":[\"https:\/\/youinberlin.de\/?page_id=1505&lang=es\"]}]},{\"@type\":\"ImageObject\",\"inLanguage\":\"de\",\"@id\":\"https:\/\/youinberlin.de\/?page_id=1505&lang=es#primaryimage\",\"url\":\"https:\/\/youinberlin.de\/wp-content\/uploads\/YIB_Sprache-Italien.png\",\"contentUrl\":\"https:\/\/youinberlin.de\/wp-content\/uploads\/YIB_Sprache-Italien.png\",\"width\":235,\"height\":198},{\"@type\":\"BreadcrumbList\",\"@id\":\"https:\/\/youinberlin.de\/?page_id=1505&lang=es#breadcrumb\",\"itemListElement\":[{\"@type\":\"ListItem\",\"position\":1,\"name\":\"Start\",\"item\":\"https:\/\/youinberlin.de\/?lang=de\"},{\"@type\":\"ListItem\",\"position\":2,\"name\":\"Sobre mi\"}]},{\"@type\":\"WebSite\",\"@id\":\"https:\/\/youinberlin.de\/#website\",\"url\":\"https:\/\/youinberlin.de\/\",\"name\":\"You In Berlin\",\"description\":\"Multilingual Berlin City Tours - Deutsch - English - Italiano - Espa\u00f1ol\",\"potentialAction\":[{\"@type\":\"SearchAction\",\"target\":{\"@type\":\"EntryPoint\",\"urlTemplate\":\"https:\/\/youinberlin.de\/?s={search_term_string}\"},\"query-input\":{\"@type\":\"PropertyValueSpecification\",\"valueRequired\":true,\"valueName\":\"search_term_string\"}}],\"inLanguage\":\"de\"}]}<\/script>\n<!-- \/ Yoast SEO plugin. -->","yoast_head_json":{"title":"Sobre mi - You In Berlin","robots":{"index":"index","follow":"follow","max-snippet":"max-snippet:-1","max-image-preview":"max-image-preview:large","max-video-preview":"max-video-preview:-1"},"canonical":"https:\/\/youinberlin.de\/?page_id=1505&lang=es","og_locale":"de_DE","og_type":"article","og_title":"Sobre mi - You In Berlin","og_description":"Acomp\u00e1\u00f1en a un Berlin\u00e9s nativo&#8230; En un paseo entretenido e informativo por la ciudad. Hola, mi nombre es Carlo Cimmino. Desde 2010 soy gu\u00eda tur\u00edstico y les ense\u00f1o a los visitantes mi ciudad, ya que desde siempre me ha sido un gran placer contar la (s) historia (s) de Berl\u00edn. He trabajado 22 a\u00f1os el [&hellip;]","og_url":"https:\/\/youinberlin.de\/?page_id=1505&lang=es","og_site_name":"You In Berlin","article_modified_time":"2019-09-02T22:18:17+00:00","og_image":[{"url":"http:\/\/youinberlin.de\/wp-content\/uploads\/YIB_Sprache-Italien.png","type":"","width":"","height":""}],"twitter_card":"summary_large_image","schema":{"@context":"https:\/\/schema.org","@graph":[{"@type":"WebPage","@id":"https:\/\/youinberlin.de\/?page_id=1505&lang=es","url":"https:\/\/youinberlin.de\/?page_id=1505&lang=es","name":"Sobre mi - You In Berlin","isPartOf":{"@id":"https:\/\/youinberlin.de\/#website"},"primaryImageOfPage":{"@id":"https:\/\/youinberlin.de\/?page_id=1505&lang=es#primaryimage"},"image":{"@id":"https:\/\/youinberlin.de\/?page_id=1505&lang=es#primaryimage"},"thumbnailUrl":"http:\/\/youinberlin.de\/wp-content\/uploads\/YIB_Sprache-Italien.png","datePublished":"2019-06-02T17:08:44+00:00","dateModified":"2019-09-02T22:18:17+00:00","breadcrumb":{"@id":"https:\/\/youinberlin.de\/?page_id=1505&lang=es#breadcrumb"},"inLanguage":"de","potentialAction":[{"@type":"ReadAction","target":["https:\/\/youinberlin.de\/?page_id=1505&lang=es"]}]},{"@type":"ImageObject","inLanguage":"de","@id":"https:\/\/youinberlin.de\/?page_id=1505&lang=es#primaryimage","url":"https:\/\/youinberlin.de\/wp-content\/uploads\/YIB_Sprache-Italien.png","contentUrl":"https:\/\/youinberlin.de\/wp-content\/uploads\/YIB_Sprache-Italien.png","width":235,"height":198},{"@type":"BreadcrumbList","@id":"https:\/\/youinberlin.de\/?page_id=1505&lang=es#breadcrumb","itemListElement":[{"@type":"ListItem","position":1,"name":"Start","item":"https:\/\/youinberlin.de\/?lang=de"},{"@type":"ListItem","position":2,"name":"Sobre mi"}]},{"@type":"WebSite","@id":"https:\/\/youinberlin.de\/#website","url":"https:\/\/youinberlin.de\/","name":"You In Berlin","description":"Multilingual Berlin City Tours - Deutsch - English - Italiano - Espa\u00f1ol","potentialAction":[{"@type":"SearchAction","target":{"@type":"EntryPoint","urlTemplate":"https:\/\/youinberlin.de\/?s={search_term_string}"},"query-input":{"@type":"PropertyValueSpecification","valueRequired":true,"valueName":"search_term_string"}}],"inLanguage":"de"}]}},"_links":{"self":[{"href":"https:\/\/youinberlin.de\/index.php?rest_route=\/wp\/v2\/pages\/1505","targetHints":{"allow":["GET"]}}],"collection":[{"href":"https:\/\/youinberlin.de\/index.php?rest_route=\/wp\/v2\/pages"}],"about":[{"href":"https:\/\/youinberlin.de\/index.php?rest_route=\/wp\/v2\/types\/page"}],"author":[{"embeddable":true,"href":"https:\/\/youinberlin.de\/index.php?rest_route=\/wp\/v2\/users\/2"}],"replies":[{"embeddable":true,"href":"https:\/\/youinberlin.de\/index.php?rest_route=%2Fwp%2Fv2%2Fcomments&post=1505"}],"version-history":[{"count":12,"href":"https:\/\/youinberlin.de\/index.php?rest_route=\/wp\/v2\/pages\/1505\/revisions"}],"predecessor-version":[{"id":2243,"href":"https:\/\/youinberlin.de\/index.php?rest_route=\/wp\/v2\/pages\/1505\/revisions\/2243"}],"wp:attachment":[{"href":"https:\/\/youinberlin.de\/index.php?rest_route=%2Fwp%2Fv2%2Fmedia&parent=1505"}],"curies":[{"name":"wp","href":"https:\/\/api.w.org\/{rel}","templated":true}]}}