{"id":1161,"date":"2019-05-24T16:48:27","date_gmt":"2019-05-24T16:48:27","guid":{"rendered":"http:\/\/youinberlin.de\/?page_id=1161"},"modified":"2019-10-01T14:02:07","modified_gmt":"2019-10-01T12:02:07","slug":"about-me","status":"publish","type":"page","link":"https:\/\/youinberlin.de\/?page_id=1161&lang=de","title":{"rendered":"\u00dcber mich"},"content":{"rendered":"<p><a href=\"https:\/\/youinberlin.de\/?page_id=1505\"><img loading=\"lazy\" decoding=\"async\" class=\"alignright wp-image-912\" src=\"http:\/\/youinberlin.de\/wp-content\/uploads\/YIB_Sprache-Spanien.png\" alt=\"\" width=\"25\" height=\"21\" \/><\/a><a href=\"https:\/\/youinberlin.de\/?page_id=1163\"><img loading=\"lazy\" decoding=\"async\" class=\"alignright wp-image-911\" src=\"http:\/\/youinberlin.de\/wp-content\/uploads\/YIB_Sprache-Italien.png\" alt=\"\" width=\"25\" height=\"21\" \/><\/a><a href=\"https:\/\/youinberlin.de\/?page_id=1434\"><img loading=\"lazy\" decoding=\"async\" class=\"alignright wp-image-910\" src=\"http:\/\/youinberlin.de\/wp-content\/uploads\/YIB_Sprache-England.png\" alt=\"\" width=\"25\" height=\"21\" \/><\/a><\/p>\n<hr \/>\n<p><img loading=\"lazy\" decoding=\"async\" class=\" alignleft\" src=\"http:\/\/youinberlin.de\/wp-content\/uploads\/Carlo-Profil-quadratisch_Retusche-300x300.jpg\" alt=\"\" width=\"400\" height=\"400\" \/><\/p>\n<h4 style=\"text-align: left;\">Folgen Sie einem geb\u00fcrtigen Berliner&#8230;<br \/>\nauf einem unterhaltsamen, informativen Stadtspaziergang!<\/h4>\n<p style=\"text-align: left;\">Hallo, mein Name ist Carlo Cimmino.<\/p>\n<p style=\"text-align: left;\">Seit 2010 bin ich G\u00e4stef\u00fchrer und zeige Besuchern meine Stadt,<br \/>\ndenn es war mir schon immer eine gro\u00dfe Freude die Geschichte(n) Berlins zu erz\u00e4hlen.<\/p>\n<p style=\"text-align: left;\">Davor war ich 22 Jahre in der Berliner Gastronomie-Szene t\u00e4tig und kenne die Stadt<br \/> auch von dieser Seite wie meine Westentasche.<\/p>\n<p>Gerne begleite ich Sie dabei Ihr eigenes Berlin f\u00fcr sich zu entdecken.<\/p>\n<p>Lassen Sie uns eine sch\u00f6ne Zeit zusammen haben!<\/p>\n<p>&nbsp;<\/p>\n","protected":false},"excerpt":{"rendered":"<p>Folgen Sie einem geb\u00fcrtigen Berliner&#8230; auf einem unterhaltsamen, informativen Stadtspaziergang! Hallo, mein Name ist Carlo Cimmino. Seit 2010 bin ich G\u00e4stef\u00fchrer und zeige Besuchern meine Stadt, denn es war mir schon immer eine gro\u00dfe Freude die Geschichte(n) Berlins zu erz\u00e4hlen. Davor war ich 22 Jahre in der Berliner Gastronomie-Szene t\u00e4tig und kenne die Stadt auch [&hellip;]<\/p>\n","protected":false},"author":2,"featured_media":0,"parent":0,"menu_order":1,"comment_status":"closed","ping_status":"closed","template":"","meta":{"_themeisle_gutenberg_block_has_review":false,"footnotes":""},"class_list":["post-1161","page","type-page","status-publish","hentry"],"yoast_head":"<!-- This site is optimized with the Yoast SEO plugin v26.7 - https:\/\/yoast.com\/wordpress\/plugins\/seo\/ -->\n<title>\u00dcber mich - You In Berlin<\/title>\n<meta name=\"robots\" content=\"index, follow, max-snippet:-1, max-image-preview:large, max-video-preview:-1\" \/>\n<link rel=\"canonical\" href=\"https:\/\/youinberlin.de\/?page_id=1161&lang=de\" \/>\n<meta property=\"og:locale\" content=\"de_DE\" \/>\n<meta property=\"og:type\" content=\"article\" \/>\n<meta property=\"og:title\" content=\"\u00dcber mich - You In Berlin\" \/>\n<meta property=\"og:description\" content=\"Folgen Sie einem geb\u00fcrtigen Berliner&#8230; auf einem unterhaltsamen, informativen Stadtspaziergang! Hallo, mein Name ist Carlo Cimmino. Seit 2010 bin ich G\u00e4stef\u00fchrer und zeige Besuchern meine Stadt, denn es war mir schon immer eine gro\u00dfe Freude die Geschichte(n) Berlins zu erz\u00e4hlen. Davor war ich 22 Jahre in der Berliner Gastronomie-Szene t\u00e4tig und kenne die Stadt auch [&hellip;]\" \/>\n<meta property=\"og:url\" content=\"https:\/\/youinberlin.de\/?page_id=1161&amp;lang=de\" \/>\n<meta property=\"og:site_name\" content=\"You In Berlin\" \/>\n<meta property=\"article:modified_time\" content=\"2019-10-01T12:02:07+00:00\" \/>\n<meta property=\"og:image\" content=\"http:\/\/youinberlin.de\/wp-content\/uploads\/YIB_Sprache-Spanien.png\" \/>\n<meta name=\"twitter:card\" content=\"summary_large_image\" \/>\n<script type=\"application\/ld+json\" class=\"yoast-schema-graph\">{\"@context\":\"https:\/\/schema.org\",\"@graph\":[{\"@type\":\"WebPage\",\"@id\":\"https:\/\/youinberlin.de\/?page_id=1161&lang=de\",\"url\":\"https:\/\/youinberlin.de\/?page_id=1161&lang=de\",\"name\":\"\u00dcber mich - You In Berlin\",\"isPartOf\":{\"@id\":\"https:\/\/youinberlin.de\/#website\"},\"primaryImageOfPage\":{\"@id\":\"https:\/\/youinberlin.de\/?page_id=1161&lang=de#primaryimage\"},\"image\":{\"@id\":\"https:\/\/youinberlin.de\/?page_id=1161&lang=de#primaryimage\"},\"thumbnailUrl\":\"http:\/\/youinberlin.de\/wp-content\/uploads\/YIB_Sprache-Spanien.png\",\"datePublished\":\"2019-05-24T16:48:27+00:00\",\"dateModified\":\"2019-10-01T12:02:07+00:00\",\"breadcrumb\":{\"@id\":\"https:\/\/youinberlin.de\/?page_id=1161&lang=de#breadcrumb\"},\"inLanguage\":\"de\",\"potentialAction\":[{\"@type\":\"ReadAction\",\"target\":[\"https:\/\/youinberlin.de\/?page_id=1161&lang=de\"]}]},{\"@type\":\"ImageObject\",\"inLanguage\":\"de\",\"@id\":\"https:\/\/youinberlin.de\/?page_id=1161&lang=de#primaryimage\",\"url\":\"https:\/\/youinberlin.de\/wp-content\/uploads\/YIB_Sprache-Spanien.png\",\"contentUrl\":\"https:\/\/youinberlin.de\/wp-content\/uploads\/YIB_Sprache-Spanien.png\",\"width\":235,\"height\":198},{\"@type\":\"BreadcrumbList\",\"@id\":\"https:\/\/youinberlin.de\/?page_id=1161&lang=de#breadcrumb\",\"itemListElement\":[{\"@type\":\"ListItem\",\"position\":1,\"name\":\"Start\",\"item\":\"https:\/\/youinberlin.de\/?lang=de\"},{\"@type\":\"ListItem\",\"position\":2,\"name\":\"\u00dcber mich\"}]},{\"@type\":\"WebSite\",\"@id\":\"https:\/\/youinberlin.de\/#website\",\"url\":\"https:\/\/youinberlin.de\/\",\"name\":\"You In Berlin\",\"description\":\"Multilingual Berlin City Tours - Deutsch - English - Italiano - Espa\u00f1ol\",\"potentialAction\":[{\"@type\":\"SearchAction\",\"target\":{\"@type\":\"EntryPoint\",\"urlTemplate\":\"https:\/\/youinberlin.de\/?s={search_term_string}\"},\"query-input\":{\"@type\":\"PropertyValueSpecification\",\"valueRequired\":true,\"valueName\":\"search_term_string\"}}],\"inLanguage\":\"de\"}]}<\/script>\n<!-- \/ Yoast SEO plugin. -->","yoast_head_json":{"title":"\u00dcber mich - You In Berlin","robots":{"index":"index","follow":"follow","max-snippet":"max-snippet:-1","max-image-preview":"max-image-preview:large","max-video-preview":"max-video-preview:-1"},"canonical":"https:\/\/youinberlin.de\/?page_id=1161&lang=de","og_locale":"de_DE","og_type":"article","og_title":"\u00dcber mich - You In Berlin","og_description":"Folgen Sie einem geb\u00fcrtigen Berliner&#8230; auf einem unterhaltsamen, informativen Stadtspaziergang! Hallo, mein Name ist Carlo Cimmino. Seit 2010 bin ich G\u00e4stef\u00fchrer und zeige Besuchern meine Stadt, denn es war mir schon immer eine gro\u00dfe Freude die Geschichte(n) Berlins zu erz\u00e4hlen. Davor war ich 22 Jahre in der Berliner Gastronomie-Szene t\u00e4tig und kenne die Stadt auch [&hellip;]","og_url":"https:\/\/youinberlin.de\/?page_id=1161&lang=de","og_site_name":"You In Berlin","article_modified_time":"2019-10-01T12:02:07+00:00","og_image":[{"url":"http:\/\/youinberlin.de\/wp-content\/uploads\/YIB_Sprache-Spanien.png","type":"","width":"","height":""}],"twitter_card":"summary_large_image","schema":{"@context":"https:\/\/schema.org","@graph":[{"@type":"WebPage","@id":"https:\/\/youinberlin.de\/?page_id=1161&lang=de","url":"https:\/\/youinberlin.de\/?page_id=1161&lang=de","name":"\u00dcber mich - You In Berlin","isPartOf":{"@id":"https:\/\/youinberlin.de\/#website"},"primaryImageOfPage":{"@id":"https:\/\/youinberlin.de\/?page_id=1161&lang=de#primaryimage"},"image":{"@id":"https:\/\/youinberlin.de\/?page_id=1161&lang=de#primaryimage"},"thumbnailUrl":"http:\/\/youinberlin.de\/wp-content\/uploads\/YIB_Sprache-Spanien.png","datePublished":"2019-05-24T16:48:27+00:00","dateModified":"2019-10-01T12:02:07+00:00","breadcrumb":{"@id":"https:\/\/youinberlin.de\/?page_id=1161&lang=de#breadcrumb"},"inLanguage":"de","potentialAction":[{"@type":"ReadAction","target":["https:\/\/youinberlin.de\/?page_id=1161&lang=de"]}]},{"@type":"ImageObject","inLanguage":"de","@id":"https:\/\/youinberlin.de\/?page_id=1161&lang=de#primaryimage","url":"https:\/\/youinberlin.de\/wp-content\/uploads\/YIB_Sprache-Spanien.png","contentUrl":"https:\/\/youinberlin.de\/wp-content\/uploads\/YIB_Sprache-Spanien.png","width":235,"height":198},{"@type":"BreadcrumbList","@id":"https:\/\/youinberlin.de\/?page_id=1161&lang=de#breadcrumb","itemListElement":[{"@type":"ListItem","position":1,"name":"Start","item":"https:\/\/youinberlin.de\/?lang=de"},{"@type":"ListItem","position":2,"name":"\u00dcber mich"}]},{"@type":"WebSite","@id":"https:\/\/youinberlin.de\/#website","url":"https:\/\/youinberlin.de\/","name":"You In Berlin","description":"Multilingual Berlin City Tours - Deutsch - English - Italiano - Espa\u00f1ol","potentialAction":[{"@type":"SearchAction","target":{"@type":"EntryPoint","urlTemplate":"https:\/\/youinberlin.de\/?s={search_term_string}"},"query-input":{"@type":"PropertyValueSpecification","valueRequired":true,"valueName":"search_term_string"}}],"inLanguage":"de"}]}},"_links":{"self":[{"href":"https:\/\/youinberlin.de\/index.php?rest_route=\/wp\/v2\/pages\/1161","targetHints":{"allow":["GET"]}}],"collection":[{"href":"https:\/\/youinberlin.de\/index.php?rest_route=\/wp\/v2\/pages"}],"about":[{"href":"https:\/\/youinberlin.de\/index.php?rest_route=\/wp\/v2\/types\/page"}],"author":[{"embeddable":true,"href":"https:\/\/youinberlin.de\/index.php?rest_route=\/wp\/v2\/users\/2"}],"replies":[{"embeddable":true,"href":"https:\/\/youinberlin.de\/index.php?rest_route=%2Fwp%2Fv2%2Fcomments&post=1161"}],"version-history":[{"count":53,"href":"https:\/\/youinberlin.de\/index.php?rest_route=\/wp\/v2\/pages\/1161\/revisions"}],"predecessor-version":[{"id":2277,"href":"https:\/\/youinberlin.de\/index.php?rest_route=\/wp\/v2\/pages\/1161\/revisions\/2277"}],"wp:attachment":[{"href":"https:\/\/youinberlin.de\/index.php?rest_route=%2Fwp%2Fv2%2Fmedia&parent=1161"}],"curies":[{"name":"wp","href":"https:\/\/api.w.org\/{rel}","templated":true}]}}